 - 4 = -p. Suppose -v + p = 3*v. Suppose 0 = -v*m + 43 + 25. What is the greatest common factor of m and 153?
17
Let y = -8 + 1. Let o(u) = -u**3 + 5*u**2 + 4*u. Let d be o(5). Let l = d + y. What is the greatest common divisor of 13 and l?
13
Suppose 0 = -j - j + 4. Suppose 3*f - 935 = -j*f. What is the greatest common factor of 17 and f?
17
Suppose 0*p - 4 = -2*p. Let l be 14/(0 - (p + -4)). What is the greatest common factor of 77 and l?
7
Let p(n) = -n - 3. Let u be p(-5). Let r be 2 + 1/(-1 + u). Suppose -r*x + 6 = -3. What is the greatest common factor of 18 and x?
3
Let j be 32/18 - 4/(-18). Suppose -2*o = j*t - 286, 4*t + 0*o - 572 = o. Let a(r) = 3*r**2 + 1. Let v be a(-2). What is the highest common divisor of t and v?
13
Let h = 29 + -23. Calculate the highest common divisor of 4 and h.
2
Let z = 16 - 52. Let k = z + 50. Suppose 3*u = 5*u - 224. Calculate the greatest common divisor of u and k.
14
Let y = -24 - -41. Let q = y - 2. Calculate the highest common factor of 60 and q.
15
Let j(n) = -n**2 - 7*n + 3. Let f be j(8). Let d = f - -59. Let g = -34 - d. Calculate the highest common factor of g and 12.
12
Let w = 2 + 3. Suppose x - w*x + 416 = 0. Calculate the highest common factor of 13 and x.
13
Let u(p) = -p + 5. Let c be u(-3). What is the highest common divisor of c and 4?
4
Suppose -2*g - g = 3*l - 249, -4*g + 244 = 3*l. What is the highest common factor of l and 22?
22
Let i = 68 - 29. Suppose 0 = 3*r - 4*r + 4*h + 21, 5*h + 62 = 4*r. What is the highest common factor of r and i?
13
Let o = -26 + 29. Calculate the greatest common factor of 33 and o.
3
Let i be (6/5)/((-2)/(-5)). Suppose 2*b = i*b - 10. What is the greatest common factor of b and 70?
10
Let o be 18/12 + (-2)/(-4). Suppose -o*k - 2*k + 48 = 0. What is the highest common divisor of k and 6?
6
Suppose 2*k - 4 - 20 = 0. Calculate the greatest common factor of 108 and k.
12
Suppose -2*z - 53 = -i, 56 = 3*z - 5*z + 2*i. Let g = 20 - z. Let m be -1 + -4 + 24 + -1. What is the greatest common factor of m and g?
9
Suppose 82 = 4*g + q, 2*g + q = 6*g - 78. What is the highest common divisor of 15 and g?
5
Suppose -4*o = -o - 60. Let p = o - -28. Calculate the greatest common factor of p and 16.
16
Suppose -3*p + 300 = 2*p. Calculate the highest common factor of 20 and p.
20
Suppose 3*p + 18 = 6*p. Let i be -1 + 3*34/p. Calculate the greatest common factor of 16 and i.
16
Suppose -5*u + 467 = -328. Suppose -4*f + u = a, -4*f + a + 2*a + 163 = 0. What is the highest common divisor of 20 and f?
20
Suppose -5*v - 2 = -7. Calculate the highest common divisor of v and 2.
1
Suppose 442 + 160 = 7*p. Calculate the greatest common divisor of 43 and p.
43
Let g = 264 + -218. Let f be (-2)/4*-10*23. What is the greatest common factor of g and f?
23
Let f = 4 + 2. Let q = f - -1. What is the greatest common divisor of 56 and q?
7
Let s = 27 + -11. Suppose 6*t - 8*t + 16 = 0. Calculate the greatest common factor of s and t.
8
Let v = -5 - -8. Suppose 4*f = -q + 19 + 12, 3*f + v*q = 21. What is the highest common divisor of 72 and f?
8
Suppose -3*i + 2*i = -2. Suppose -i*s + 2*l + 4 = 0, s + 0*s = -3*l + 6. Calculate the highest common divisor of s and 3.
3
Let a(w) = -11*w + 14. Let d be a(4). Let l = -12 - -8. Let u be (5 + 1)*d/l. What is the greatest common factor of u and 9?
9
Let y(j) = 3*j**2 - 2*j - 1. Let l be y(2). Let z = 3 + l. What is the greatest common divisor of z and 4?
2
Let m(s) = -s**2 - s + 2. Let b be m(0). Suppose 2*x - 12 = -b*x. Suppose -x*k + 0*k = -48. Calculate the greatest common factor of k and 4.
4
Let h(q) = -q**2 + 12*q + 1. Let y = -1 - -8. Let l be h(y). Suppose z - 66 = 4*u, 3*u - 1 = -10. Calculate the highest common factor of z and l.
18
Let a be 1/(0 + 2)*22. Calculate the highest common divisor of 88 and a.
11
Let b = 129 + -65. Calculate the highest common factor of b and 32.
32
Suppose -o + 4 = -1. Suppose -o*z = -7*z + 16. Calculate the highest common divisor of 16 and z.
8
Let n be (-1)/1 + (-10)/5. Let p = -1 - n. Calculate the greatest common factor of p and 8.
2
Let t = 22 - 21. Calculate the highest common factor of t and 1.
1
Let v = -18 + 21. Let z be v/2*(-56)/(-3). What is the greatest common factor of 7 and z?
7
Suppose 0*a - 5*a + 325 = 0. Let h(d) = d**2 + 2*d - 2. Let u be h(-5). What is the highest common factor of a and u?
13
Suppose 0 = c + p + 7, -5*c + 0*p + p - 17 = 0. Let y = 4 + c. Suppose y*q + q - 3 = 0. What is the greatest common divisor of 6 and q?
3
Suppose 0 = 3*s + 12, -3*m + 2 = 3*s + 8. Calculate the highest common factor of 14 and m.
2
Suppose 2*j - 3*j + 105 = 0. Suppose 3*p - 18 = -3*c + 2*c, -c + p = -14. What is the greatest common divisor of j and c?
15
Let v = 17 - 31. Let l be (-8)/(-28) - (-32)/v. Let t be (-1 + 9)/((-2)/l). What is the greatest common factor of t and 72?
8
Let z be 52/(1/4 - 63/(-36)). Calculate the greatest common divisor of z and 91.
13
Let a = 47 - 29. Let v(z) = 12*z**2 - z. Let d be v(1). Suppose 0 = 2*b - d - 7. What is the greatest common divisor of b and a?
9
Let l be 2*-9*3/6. Let a be (96/l)/((-4)/6). What is the greatest common factor of 24 and a?
8
Suppose -2*x = -2 - 2. Suppose 4*f - 24 = x*f. What is the highest common divisor of f and 4?
4
Let r = -15 - -26. Let v be 548/r - (-2)/11. What is the highest common factor of 10 and v?
10
Suppose -6*x - 51 = -3*x. Let c be 0 - ((x - -2) + -3). What is the greatest common divisor of 2 and c?
2
Let j(w) be the third derivative of -w**4/8 - 3*w**3/2 - 3*w**2. Let z be j(-4). What is the highest common factor of 33 and z?
3
Let r be (-38)/(-6) + 6/9. Let j(i) = i + 1. Let z be j(11). Suppose r = v - z. What is the greatest common factor of v and 95?
19
Let z be ((-4)/(-6))/((-374)/126 - -3). What is the greatest common factor of 84 and z?
21
Let w = -10 + 12. Suppose -5*g + 15 = 2*d, 15 - 45 = -2*d - w*g. Calculate the greatest common factor of 2 and d.
2
Let m be 2 - 4 - 0 - 152. Let q = -42 - m. Let x = -28 - -44. What is the highest common factor of q and x?
16
Let o(m) = 10*m. Suppose 0 = -q - 2*q + 9. Suppose -19 + 55 = 4*w - 3*f, -q*w - 4*f = -2. Let n be o(w). Calculate the highest common factor of 24 and n.
12
Let y(q) = 2*q - 4. Let z be y(5). Let r(b) = -b**2 + 11*b + 7. Let o be r(z). Let c = -2 + o. Calculate the greatest common divisor of 5 and c.
5
Let y be (-3)/(-6) - 1/2. Let t = y - -8. Let m(l) = l**3 + 4*l**2 + l + 2. Let u be m(-2). Calculate the greatest common factor of t and u.
8
Let m be 2*3 + (-7 - -9). Calculate the highest common divisor of 56 and m.
8
Let s(i) = -i**3 - 4*i**2 + 7*i - 10. Let v be s(-7). Calculate the highest common factor of 11 and v.
11
Let g(x) = -16*x - 9. Let h be g(-3). What is the greatest common divisor of h and 26?
13
Let a(c) = 3*c**2 + 4*c + 4. Let q be a(5). Calculate the highest common divisor of q and 11.
11
Suppose 0 = 4*o - 8*o + 8. What is the highest common divisor of o and 2?
2
Suppose -3*u = -5*i + 580, 2*i - 211 = -0*i - 3*u. Let j = i + -14. Calculate the greatest common divisor of 9 and j.
9
Suppose -65 = 4*l + 23. Let w = -36 - l. Let b = w - -30. Calculate the greatest common factor of 32 and b.
16
Suppose -2*y + 49 = -221. Calculate the highest common divisor of 15 and y.
15
Let b be (-3)/(-2)*2 - 1. Let x(m) be the first derivative of m**4 - 2*m**3/3 + 3*m**2/2 - 2. Let s be x(b). Calculate the highest common divisor of 6 and s.
6
Suppose 0 = -a + 4*a - 42. Let y = 6 + -1. Let s be 110 + y/((-15)/(-6)). What is the highest common factor of a and s?
14
Let o(f) = 6*f**2 + 3*f - 1. Let v be o(-3). Suppose -v = -k - 3*k. What is the highest common divisor of 77 and k?
11
Suppose 46 = -4*c + 326. Suppose -n = f - 35, 7*n - 3*n = -2*f + c. Calculate the highest common factor of f and 7.
7
Let u(f) = -f**2 + 17*f - 2. Let x be u(13). Let s = x - 33. Calculate the greatest common factor of s and 68.
17
Suppose -5*o + 22 + 13 = 0. Calculate the greatest common divisor of 28 and o.
7
Let a be (1 + 9)*48/32. Calculate the highest common divisor of 75 and a.
15
Let o(g) = -g**3 - 10*g**2 - 9*g + 5. Let q be o(-9). Suppose -2*r - 2*r = -4*v - 84, q*r - 3*v - 95 = 0. What is the greatest common factor of r and 16?
16
Suppose 2*d - 11 = d + i, -5*d - 3*i = -15. What